{"id":464,"date":"2025-12-28T01:36:50","date_gmt":"2025-12-28T01:36:50","guid":{"rendered":"https:\/\/u2cmobile.fr\/?post_type=product&#038;p=464"},"modified":"2025-12-28T01:36:50","modified_gmt":"2025-12-28T01:36:50","slug":"samsung-galaxy-a17","status":"publish","type":"product","link":"https:\/\/u2cmobile.fr\/index.php\/produit\/samsung-galaxy-a17\/","title":{"rendered":"Samsung Galaxy A17"},"content":{"rendered":"<p>\ud83d\udcf1 \u00c9cran : 6,6\u2033 Full HD+<br data-start=\"4164\" data-end=\"4167\" \/>\u26a1 Performance : Octa-Core<br data-start=\"4192\" data-end=\"4195\" \/>\ud83e\udde0 M\u00e9moire : 4 Go RAM<br data-start=\"4216\" data-end=\"4219\" \/>\ud83d\udcbe Stockage : 128 Go<br data-start=\"4243\" data-end=\"4246\" \/>\ud83d\udcf7 Photo : 50 MP + 2 MP arri\u00e8re \/ 8 MP frontale<br data-start=\"4293\" data-end=\"4296\" \/>\ud83d\udd0b Batterie : 5000 mAh, usage prolong\u00e9<br data-start=\"4334\" data-end=\"4337\" \/>\ud83d\udd10 S\u00e9curit\u00e9 : D\u00e9verrouillage par empreinte digitale<br data-start=\"4388\" data-end=\"4391\" \/>\ud83d\udce6 \u00c9tat : Neuf<\/p>\n<p>Couleur: Noir ou Bleu<\/p>\n","protected":false},"excerpt":{"rendered":"<p data-start=\"4027\" data-end=\"4111\">Un smartphone fiable avec autonomie et photo polyvalente.<\/p>\n","protected":false},"featured_media":465,"comment_status":"open","ping_status":"closed","template":"","meta":[],"product_brand":[73],"product_cat":[59],"product_tag":[],"class_list":{"0":"post-464","1":"product","2":"type-product","3":"status-publish","4":"has-post-thumbnail","6":"product_brand-samsung","7":"product_cat-neufs-smartphones","9":"first","10":"instock","11":"taxable","12":"shipping-taxable","13":"purchasable","14":"product-type-simple"},"jetpack_sharing_enabled":true,"_links":{"self":[{"href":"https:\/\/u2cmobile.fr\/index.php\/wp-json\/wp\/v2\/product\/464","targetHints":{"allow":["GET"]}}],"collection":[{"href":"https:\/\/u2cmobile.fr\/index.php\/wp-json\/wp\/v2\/product"}],"about":[{"href":"https:\/\/u2cmobile.fr\/index.php\/wp-json\/wp\/v2\/types\/product"}],"replies":[{"embeddable":true,"href":"https:\/\/u2cmobile.fr\/index.php\/wp-json\/wp\/v2\/comments?post=464"}],"wp:featuredmedia":[{"embeddable":true,"href":"https:\/\/u2cmobile.fr\/index.php\/wp-json\/wp\/v2\/media\/465"}],"wp:attachment":[{"href":"https:\/\/u2cmobile.fr\/index.php\/wp-json\/wp\/v2\/media?parent=464"}],"wp:term":[{"taxonomy":"product_brand","embeddable":true,"href":"https:\/\/u2cmobile.fr\/index.php\/wp-json\/wp\/v2\/product_brand?post=464"},{"taxonomy":"product_cat","embeddable":true,"href":"https:\/\/u2cmobile.fr\/index.php\/wp-json\/wp\/v2\/product_cat?post=464"},{"taxonomy":"product_tag","embeddable":true,"href":"https:\/\/u2cmobile.fr\/index.php\/wp-json\/wp\/v2\/product_tag?post=464"}],"curies":[{"name":"wp","href":"https:\/\/api.w.org\/{rel}","templated":true}]}}