{"id":450,"date":"2025-12-28T01:30:54","date_gmt":"2025-12-28T01:30:54","guid":{"rendered":"https:\/\/u2cmobile.fr\/?post_type=product&#038;p=450"},"modified":"2025-12-28T01:30:54","modified_gmt":"2025-12-28T01:30:54","slug":"apple-iphone-16","status":"publish","type":"product","link":"https:\/\/u2cmobile.fr\/index.php\/produit\/apple-iphone-16\/","title":{"rendered":"Apple Iphone 16"},"content":{"rendered":"<p>\ud83d\udcf1 \u00c9cran : 6,1\u2033 Super Retina XDR<br data-start=\"2345\" data-end=\"2348\" \/>\u26a1 Performance : Puce A17 Bionic, ultra-fluide<br data-start=\"2393\" data-end=\"2396\" \/>\ud83e\udde0 M\u00e9moire : 6 Go RAM<br data-start=\"2417\" data-end=\"2420\" \/>\ud83d\udcbe Stockage : 128 Go<br data-start=\"2444\" data-end=\"2447\" \/>\ud83d\udcf7 Photo : 48 MP + 12 MP arri\u00e8re \/ 12 MP frontale<br data-start=\"2496\" data-end=\"2499\" \/>\ud83d\udd0b Batterie : Jusqu\u2019\u00e0 22 h de lecture vid\u00e9o<br data-start=\"2542\" data-end=\"2545\" \/>\ud83d\udd10 S\u00e9curit\u00e9 : Face ID avanc\u00e9, iOS s\u00e9curis\u00e9<br data-start=\"2587\" data-end=\"2590\" \/>\ud83d\udce6 \u00c9tat : Neuf<\/p>\n","protected":false},"excerpt":{"rendered":"<p>L\u2019iPhone moderne, performant et \u00e9l\u00e9gant pour tous vos usages.<\/p>\n","protected":false},"featured_media":451,"comment_status":"open","ping_status":"closed","template":"","meta":[],"product_brand":[70],"product_cat":[59],"product_tag":[],"class_list":{"0":"post-450","1":"product","2":"type-product","3":"status-publish","4":"has-post-thumbnail","6":"product_brand-iphone-16","7":"product_cat-neufs-smartphones","9":"first","10":"instock","11":"taxable","12":"shipping-taxable","13":"purchasable","14":"product-type-simple"},"jetpack_sharing_enabled":true,"_links":{"self":[{"href":"https:\/\/u2cmobile.fr\/index.php\/wp-json\/wp\/v2\/product\/450","targetHints":{"allow":["GET"]}}],"collection":[{"href":"https:\/\/u2cmobile.fr\/index.php\/wp-json\/wp\/v2\/product"}],"about":[{"href":"https:\/\/u2cmobile.fr\/index.php\/wp-json\/wp\/v2\/types\/product"}],"replies":[{"embeddable":true,"href":"https:\/\/u2cmobile.fr\/index.php\/wp-json\/wp\/v2\/comments?post=450"}],"wp:featuredmedia":[{"embeddable":true,"href":"https:\/\/u2cmobile.fr\/index.php\/wp-json\/wp\/v2\/media\/451"}],"wp:attachment":[{"href":"https:\/\/u2cmobile.fr\/index.php\/wp-json\/wp\/v2\/media?parent=450"}],"wp:term":[{"taxonomy":"product_brand","embeddable":true,"href":"https:\/\/u2cmobile.fr\/index.php\/wp-json\/wp\/v2\/product_brand?post=450"},{"taxonomy":"product_cat","embeddable":true,"href":"https:\/\/u2cmobile.fr\/index.php\/wp-json\/wp\/v2\/product_cat?post=450"},{"taxonomy":"product_tag","embeddable":true,"href":"https:\/\/u2cmobile.fr\/index.php\/wp-json\/wp\/v2\/product_tag?post=450"}],"curies":[{"name":"wp","href":"https:\/\/api.w.org\/{rel}","templated":true}]}}