{"id":397,"date":"2025-12-14T00:52:00","date_gmt":"2025-12-14T00:52:00","guid":{"rendered":"https:\/\/u2cmobile.fr\/?page_id=397"},"modified":"2025-12-14T00:52:00","modified_gmt":"2025-12-14T00:52:00","slug":"guide-des-grades","status":"publish","type":"page","link":"https:\/\/u2cmobile.fr\/index.php\/guide-des-grades\/","title":{"rendered":"Guide des Grades"},"content":{"rendered":"\n<h2 class=\"wp-block-heading\"><strong>Grade A+ \/ Comme neuf<\/strong><\/h2>\n\n\n\n<p><strong>\u00c9tat g\u00e9n\u00e9ral :<\/strong> Parfait, aucune trace d\u2019utilisation<\/p>\n\n\n\n<p><strong>\u00c9cran \/ coque :<\/strong> Aucun rayure ou impact visible<\/p>\n\n\n\n<p><strong>Fonctionnement :<\/strong> 100 % op\u00e9rationnel, batterie comme neuve ou proche du neuf<\/p>\n\n\n\n<h2 class=\"wp-block-heading\"><strong>Grade A+ \/ Comme neuf<\/strong><\/h2>\n\n\n\n<ul class=\"wp-block-list\">\n<li><strong>\u00c9tat g\u00e9n\u00e9ral :<\/strong> Tr\u00e8s bon, peut pr\u00e9senter <strong>tr\u00e8s l\u00e9g\u00e8res marques<\/strong> visibles uniquement \u00e0 l\u2019inspection rapproch\u00e9e<\/li>\n\n\n\n<li><strong>\u00c9cran \/ coque :<\/strong> Quelques micro-rayures minimes possibles<\/li>\n\n\n\n<li><strong>Fonctionnement :<\/strong> 100 % op\u00e9rationnel<\/li>\n<\/ul>\n\n\n\n<h2 class=\"wp-block-heading\"><strong>Grade B \/ Bon \u00e9tat<\/strong><\/h2>\n\n\n\n<ul class=\"wp-block-list\">\n<li><strong>\u00c9tat g\u00e9n\u00e9ral :<\/strong> Bon \u00e9tat avec <strong>traces d\u2019usure visibles<\/strong><\/li>\n\n\n\n<li><strong>\u00c9cran \/ coque :<\/strong> Rayures ou petites marques plus visibles<\/li>\n\n\n\n<li><strong>Fonctionnement :<\/strong> 100 % op\u00e9rationnel<\/li>\n<\/ul>\n\n\n\n<h2 class=\"wp-block-heading\"><strong>Grade C \/ \u00c9tat correct \/ Acceptable<\/strong><\/h2>\n\n\n\n<ul class=\"wp-block-list\">\n<li><strong>\u00c9tat g\u00e9n\u00e9ral :<\/strong> Fonctionnel mais pr\u00e9sente <strong>marques importantes<\/strong> d\u2019utilisation<\/li>\n\n\n\n<li><strong>\u00c9cran \/ coque :<\/strong> Rayures, impacts, petites bosses<\/li>\n\n\n\n<li><strong>Fonctionnement :<\/strong> 100 % op\u00e9rationnel, mais peut n\u00e9cessiter un remplacement de batterie ou accessoires<\/li>\n<\/ul>\n\n\n\n<h2 class=\"wp-block-heading\"><strong>Grade D \/ \u00c0 remettre en \u00e9tat \/ \u00c9tat tr\u00e8s us\u00e9<\/strong><\/h2>\n\n\n\n<ul class=\"wp-block-list\">\n<li><strong>\u00c9tat g\u00e9n\u00e9ral :<\/strong> Tr\u00e8s utilis\u00e9 ou pr\u00e9sentant des d\u00e9fauts esth\u00e9tiques importants<\/li>\n\n\n\n<li><strong>\u00c9cran \/ coque :<\/strong> Rayures, fissures ou bosses visibles<\/li>\n\n\n\n<li><strong>Fonctionnement :<\/strong> Peut n\u00e9cessiter une r\u00e9paration ou remplacement de pi\u00e8ces<\/li>\n<\/ul>\n","protected":false},"excerpt":{"rendered":"<p>Grade A+ \/ Comme neuf \u00c9tat g\u00e9n\u00e9ral : Parfait, aucune trace d\u2019utilisation \u00c9cran \/ coque : Aucun rayure ou impact visible Fonctionnement : 100 % op\u00e9rationnel, batterie comme neuve ou proche du neuf Grade A+ \/ Comme neuf Grade B \/ Bon \u00e9tat Grade C \/ \u00c9tat correct \/ Acceptable Grade D \/ \u00c0 remettre [&hellip;]<\/p>\n","protected":false},"author":1,"featured_media":0,"parent":0,"menu_order":0,"comment_status":"closed","ping_status":"closed","template":"","meta":{"footnotes":""},"class_list":["post-397","page","type-page","status-publish","hentry"],"jetpack_sharing_enabled":true,"_links":{"self":[{"href":"https:\/\/u2cmobile.fr\/index.php\/wp-json\/wp\/v2\/pages\/397","targetHints":{"allow":["GET"]}}],"collection":[{"href":"https:\/\/u2cmobile.fr\/index.php\/wp-json\/wp\/v2\/pages"}],"about":[{"href":"https:\/\/u2cmobile.fr\/index.php\/wp-json\/wp\/v2\/types\/page"}],"author":[{"embeddable":true,"href":"https:\/\/u2cmobile.fr\/index.php\/wp-json\/wp\/v2\/users\/1"}],"replies":[{"embeddable":true,"href":"https:\/\/u2cmobile.fr\/index.php\/wp-json\/wp\/v2\/comments?post=397"}],"version-history":[{"count":1,"href":"https:\/\/u2cmobile.fr\/index.php\/wp-json\/wp\/v2\/pages\/397\/revisions"}],"predecessor-version":[{"id":398,"href":"https:\/\/u2cmobile.fr\/index.php\/wp-json\/wp\/v2\/pages\/397\/revisions\/398"}],"wp:attachment":[{"href":"https:\/\/u2cmobile.fr\/index.php\/wp-json\/wp\/v2\/media?parent=397"}],"curies":[{"name":"wp","href":"https:\/\/api.w.org\/{rel}","templated":true}]}}